{"id":1640,"date":"2019-04-04T21:44:53","date_gmt":"2019-04-04T19:44:53","guid":{"rendered":"http:\/\/strasbourgeauxvives.org\/site\/?page_id=1640"},"modified":"2020-12-06T10:49:18","modified_gmt":"2020-12-06T09:49:18","slug":"scolaires","status":"publish","type":"page","link":"https:\/\/www.strasbourgeauxvives.org\/site\/index.php\/scolaires\/","title":{"rendered":"Scolaires"},"content":{"rendered":"<p>R\u00e9serv\u00e9es aux \u00e9coles primaires, les classes vertes sont encadr\u00e9es par des Brevets d&rsquo;Etats et les instituteurs. Elles ont pour but de sensibiliser les jeunes au milieu naturel ainsi qu&rsquo;\u00e0 la\u00a0protection de la faune et de la flore \u00e0 travers la pratique du cano\u00eb-kayak.<\/p>\n<p><strong>Modalit\u00e9s :\u00a0<\/strong><\/p>\n<ul>\n<li style=\"text-align: left;\">Dates : avril, mai, juin, septembre et octobre.<\/li>\n<li style=\"text-align: left;\">Le lundi, mardi, jeudi et vendredi.<\/li>\n<li style=\"text-align: left;\">Tarif : 80\u20ac\/\u00e9l\u00e8ve la semaine.<\/li>\n<\/ul>\n<p>Faire une demande par\u00a0<a href=\"http:\/\/strasbourgeauxvives.org\/site\/index.php\/contact\/\">mail<\/a><\/p>\n<p><img loading=\"lazy\" decoding=\"async\" class=\"aligncenter wp-image-1732 size-full\" src=\"http:\/\/strasbourgeauxvives.org\/site\/wp-content\/uploads\/2019\/04\/Scolaires-compress\u00e9.jpg\" alt=\"\" width=\"5472\" height=\"3648\" srcset=\"https:\/\/www.strasbourgeauxvives.org\/site\/wp-content\/uploads\/2019\/04\/Scolaires-compress\u00e9.jpg 5472w, https:\/\/www.strasbourgeauxvives.org\/site\/wp-content\/uploads\/2019\/04\/Scolaires-compress\u00e9-300x200.jpg 300w, https:\/\/www.strasbourgeauxvives.org\/site\/wp-content\/uploads\/2019\/04\/Scolaires-compress\u00e9-768x512.jpg 768w, https:\/\/www.strasbourgeauxvives.org\/site\/wp-content\/uploads\/2019\/04\/Scolaires-compress\u00e9-1024x683.jpg 1024w, https:\/\/www.strasbourgeauxvives.org\/site\/wp-content\/uploads\/2019\/04\/Scolaires-compress\u00e9-1620x1080.jpg 1620w\" sizes=\"auto, (max-width: 5472px) 100vw, 5472px\" \/><\/p>\n","protected":false},"excerpt":{"rendered":"<p>R\u00e9serv\u00e9es aux \u00e9coles primaires, les classes vertes sont encadr\u00e9es par des Brevets d&rsquo;Etats et les instituteurs. Elles ont pour but de sensibiliser les jeunes au milieu naturel ainsi qu&rsquo;\u00e0 la\u00a0protection de la faune et de la flore \u00e0 travers la pratique du cano\u00eb-kayak. Modalit\u00e9s :\u00a0 Dates : avril, mai, juin, septembre et octobre. Le lundi,&hellip; <br \/> <a class=\"button small blue\" href=\"https:\/\/www.strasbourgeauxvives.org\/site\/index.php\/scolaires\/\">Lire la suite<\/a><\/p>\n","protected":false},"author":2,"featured_media":0,"parent":0,"menu_order":0,"comment_status":"closed","ping_status":"closed","template":"","meta":{"footnotes":""},"class_list":["post-1640","page","type-page","status-publish","hentry"],"jetpack_sharing_enabled":true,"_links":{"self":[{"href":"https:\/\/www.strasbourgeauxvives.org\/site\/index.php\/wp-json\/wp\/v2\/pages\/1640","targetHints":{"allow":["GET"]}}],"collection":[{"href":"https:\/\/www.strasbourgeauxvives.org\/site\/index.php\/wp-json\/wp\/v2\/pages"}],"about":[{"href":"https:\/\/www.strasbourgeauxvives.org\/site\/index.php\/wp-json\/wp\/v2\/types\/page"}],"author":[{"embeddable":true,"href":"https:\/\/www.strasbourgeauxvives.org\/site\/index.php\/wp-json\/wp\/v2\/users\/2"}],"replies":[{"embeddable":true,"href":"https:\/\/www.strasbourgeauxvives.org\/site\/index.php\/wp-json\/wp\/v2\/comments?post=1640"}],"version-history":[{"count":3,"href":"https:\/\/www.strasbourgeauxvives.org\/site\/index.php\/wp-json\/wp\/v2\/pages\/1640\/revisions"}],"predecessor-version":[{"id":3789,"href":"https:\/\/www.strasbourgeauxvives.org\/site\/index.php\/wp-json\/wp\/v2\/pages\/1640\/revisions\/3789"}],"wp:attachment":[{"href":"https:\/\/www.strasbourgeauxvives.org\/site\/index.php\/wp-json\/wp\/v2\/media?parent=1640"}],"curies":[{"name":"wp","href":"https:\/\/api.w.org\/{rel}","templated":true}]}}

<p>Réservées aux écoles primaires, les classes vertes sont encadrées par des Brevets d&rsquo;Etats et les instituteurs. Elles ont pour but de sensibiliser les jeunes au milieu naturel ainsi qu&rsquo;à la protection de la faune et de la flore à travers la pratique du canoë-kayak.</p>
<p><strong>Modalités : </strong></p>
<ul>
<li style="text-align: left;">Dates : avril, mai, juin, septembre et octobre.</li>
<li style="text-align: left;">Le lundi, mardi, jeudi et vendredi.</li>
<li style="text-align: left;">Tarif : 80€/élève la semaine.</li>
</ul>
<p>Faire une demande par <a href="http://strasbourgeauxvives.org/site/index.php/contact/">mail</a></p>
<p><img loading="lazy" decoding="async" class="aligncenter wp-image-1732 size-full" src="http://strasbourgeauxvives.org/site/wp-content/uploads/2019/04/Scolaires-compressé.jpg" alt="" width="5472" height="3648" srcset="https://www.strasbourgeauxvives.org/site/wp-content/uploads/2019/04/Scolaires-compressé.jpg 5472w, https://www.strasbourgeauxvives.org/site/wp-content/uploads/2019/04/Scolaires-compressé-300x200.jpg 300w, https://www.strasbourgeauxvives.org/site/wp-content/uploads/2019/04/Scolaires-compressé-768x512.jpg 768w, https://www.strasbourgeauxvives.org/site/wp-content/uploads/2019/04/Scolaires-compressé-1024x683.jpg 1024w, https://www.strasbourgeauxvives.org/site/wp-content/uploads/2019/04/Scolaires-compressé-1620x1080.jpg 1620w" sizes="auto, (max-width: 5472px) 100vw, 5472px" /></p>

<p>Réservées aux écoles primaires, les classes vertes sont encadrées par des Brevets d&rsquo;Etats et les instituteurs. Elles ont pour but de sensibiliser les jeunes au milieu naturel ainsi qu&rsquo;à la protection de la faune et de la flore à travers la pratique du canoë-kayak. Modalités :  Dates : avril, mai, juin, septembre et octobre. Le lundi,&hellip; <br /> <a class="button small blue" href="https://www.strasbourgeauxvives.org/site/index.php/scolaires/">Lire la suite</a></p>
