{"id":257,"date":"2018-06-29T19:06:37","date_gmt":"2018-06-29T17:06:37","guid":{"rendered":"http:\/\/strasbourgeauxvives.org\/site\/?page_id=257"},"modified":"2026-02-15T17:33:29","modified_gmt":"2026-02-15T16:33:29","slug":"strasbourg-tour-de-laar","status":"publish","type":"page","link":"https:\/\/www.strasbourgeauxvives.org\/site\/index.php\/strasbourg-tour-de-laar\/","title":{"rendered":"Strasbourg tour de L\u2019Aar 2026"},"content":{"rendered":"<p><a href=\"http:\/\/strasbourgeauxvives.org\/site\/index.php\/strasbourg-tour-de-laar\/\"><img loading=\"lazy\" decoding=\"async\" class=\"alignnone wp-image-1886\" src=\"http:\/\/strasbourgeauxvives.org\/site\/wp-content\/uploads\/2019\/04\/fr.png\" alt=\"\" width=\"44\" height=\"29\" srcset=\"https:\/\/www.strasbourgeauxvives.org\/site\/wp-content\/uploads\/2019\/04\/fr.png 1160w, https:\/\/www.strasbourgeauxvives.org\/site\/wp-content\/uploads\/2019\/04\/fr-300x200.png 300w, https:\/\/www.strasbourgeauxvives.org\/site\/wp-content\/uploads\/2019\/04\/fr-768x512.png 768w, https:\/\/www.strasbourgeauxvives.org\/site\/wp-content\/uploads\/2019\/04\/fr-1024x682.png 1024w\" sizes=\"auto, (max-width: 44px) 100vw, 44px\" \/><\/a>\u00a0<a href=\"http:\/\/strasbourgeauxvives.org\/site\/index.php\/strasbourg-circular-tour-of-the-river-aar\/\"><img loading=\"lazy\" decoding=\"async\" class=\"alignnone wp-image-1887\" src=\"http:\/\/strasbourgeauxvives.org\/site\/wp-content\/uploads\/2019\/04\/gb.png\" alt=\"\" width=\"54\" height=\"27\" srcset=\"https:\/\/www.strasbourgeauxvives.org\/site\/wp-content\/uploads\/2019\/04\/gb.png 1160w, https:\/\/www.strasbourgeauxvives.org\/site\/wp-content\/uploads\/2019\/04\/gb-300x150.png 300w, https:\/\/www.strasbourgeauxvives.org\/site\/wp-content\/uploads\/2019\/04\/gb-768x384.png 768w, https:\/\/www.strasbourgeauxvives.org\/site\/wp-content\/uploads\/2019\/04\/gb-1024x512.png 1024w\" sizes=\"auto, (max-width: 54px) 100vw, 54px\" \/><\/a>\u00a0<a href=\"http:\/\/strasbourgeauxvives.org\/site\/index.php\/de-strassburg-aar-tour\/\"><img loading=\"lazy\" decoding=\"async\" class=\"alignnone wp-image-1885\" src=\"http:\/\/strasbourgeauxvives.org\/site\/wp-content\/uploads\/2019\/04\/de.png\" alt=\"\" width=\"49\" height=\"29\" srcset=\"https:\/\/www.strasbourgeauxvives.org\/site\/wp-content\/uploads\/2019\/04\/de.png 1160w, https:\/\/www.strasbourgeauxvives.org\/site\/wp-content\/uploads\/2019\/04\/de-300x180.png 300w, https:\/\/www.strasbourgeauxvives.org\/site\/wp-content\/uploads\/2019\/04\/de-768x461.png 768w, https:\/\/www.strasbourgeauxvives.org\/site\/wp-content\/uploads\/2019\/04\/de-1024x614.png 1024w\" sizes=\"auto, (max-width: 49px) 100vw, 49px\" \/><\/a><\/p>\n<p style=\"text-align: left;\"><strong>A partir de 1 personne &#8211; dur\u00e9e 2h30 (7km &#8211; niveau facile) &#8211; 8 ans minimum, r\u00e9servation interdite aux mineurs &#8211;<\/strong> <a href=\"http:\/\/strasbourgeauxvives.org\/site\/wp-content\/uploads\/2019\/04\/Strasbourg-Aar-compress\u00e9.pdf\" target=\"_blank\" rel=\"noopener\">Voir le parcours<\/a><\/p>\n<p>Ce parcours qui est une boucle avec un d\u00e9part et une arriv\u00e9e au club vous fera pagayer dans une nature calme et verdoyante o\u00f9 vous croiserez ragondins, martins p\u00e9cheurs, h\u00e9rons, cormorans, cygnes, foulques, poules d&rsquo;eau et bien d&rsquo;autres&#8230; Vous longerez le lavoir des rives de l&rsquo;Aar, la cit\u00e9 Ungemach (1920), le parc du Contades puis redescendrez l&rsquo;Ill au niveau de l&rsquo;\u00e9glise Saint-Paul jusqu&rsquo;aux institutions europ\u00e9ennes.<\/p>\n<p><strong>\u00a0Les embarcations :\u00a0<\/strong><\/p>\n<p><img loading=\"lazy\" decoding=\"async\" class=\"size-large wp-image-4779 aligncenter\" src=\"https:\/\/www.strasbourgeauxvives.org\/site\/wp-content\/uploads\/2024\/07\/Les-embarcations-1-1024x184.png\" alt=\"\" width=\"1024\" height=\"184\" srcset=\"https:\/\/www.strasbourgeauxvives.org\/site\/wp-content\/uploads\/2024\/07\/Les-embarcations-1-1024x184.png 1024w, https:\/\/www.strasbourgeauxvives.org\/site\/wp-content\/uploads\/2024\/07\/Les-embarcations-1-300x54.png 300w, https:\/\/www.strasbourgeauxvives.org\/site\/wp-content\/uploads\/2024\/07\/Les-embarcations-1-768x138.png 768w, https:\/\/www.strasbourgeauxvives.org\/site\/wp-content\/uploads\/2024\/07\/Les-embarcations-1-1536x275.png 1536w, https:\/\/www.strasbourgeauxvives.org\/site\/wp-content\/uploads\/2024\/07\/Les-embarcations-1.png 1840w\" sizes=\"auto, (max-width: 1024px) 100vw, 1024px\" \/><\/p>\n<p><strong>Tarif et paiement :<\/strong><\/p>\n<ul>\n<li style=\"text-align: left;\">25\u20ac\/personne.<\/li>\n<li style=\"text-align: left;\">Possibilit\u00e9s de paiement au club : CB via Weezevent, ANCV, Coupons sport. Un acompte de 30% sera demand\u00e9 pour valider la r\u00e9servation si celle-ci n&rsquo;est pas faite en ligne ci-dessous.<\/li>\n<li style=\"text-align: left;\"><a href=\"http:\/\/strasbourgeauxvives.org\/site\/wp-content\/uploads\/2020\/07\/conditions-g\u00e9n\u00e9rales-compress\u00e9.pdf\" target=\"_blank\" rel=\"noopener\">Conditions g\u00e9n\u00e9rales<\/a><\/li>\n<\/ul>\n<p><strong>Rendez-vous et accueil :<\/strong><\/p>\n<ul>\n<li><strong>du lundi au vendredi (en juillet et ao\u00fbt):<\/strong>\n<ul>\n<li>Apr\u00e8s-midi : accueil entre 13h00 et 13h15<\/li>\n<\/ul>\n<\/li>\n<li><strong>les samedis :\u00a0<\/strong>\n<ul>\n<li>Apr\u00e8s-midi : accueil de 13h30 \u00e0 14h00<\/li>\n<\/ul>\n<\/li>\n<li><strong>les dimanches :<br \/><\/strong>\n<ul>\n<li>Matin : accueil de 9h15 \u00e0 10h00<\/li>\n<li>Apr\u00e8s-midi : accueil de 13h30 \u00e0 14h00<\/li>\n<\/ul>\n<\/li>\n<\/ul>\n<p><a class=\"weezevent-widget-integration\" title=\"Logiciel billetterie en ligne\" href=\"https:\/\/weezevent.com\/?c=sys_widget\" target=\"_blank\" rel=\"noopener\" data-src=\"https:\/\/widget.weezevent.com\/ticket\/E1743501\/?code=69622&amp;locale=fr-FR&amp;width_auto=1&amp;color_primary=649e47\" data-width=\"650\" data-height=\"600\" data-id=\"1743501\" data-resize=\"1\" data-width_auto=\"1\" data-noscroll=\"0\" data-use-container=\"yes\" data-type=\"neo\">Billetterie Weezevent<\/a> <script type=\"text\/javascript\" src=\"https:\/\/widget.weezevent.com\/weez.js\"><\/script><\/p>\n\n\n<p><\/p>\n","protected":false},"excerpt":{"rendered":"<p>\u00a0\u00a0 A partir de 1 personne &#8211; dur\u00e9e 2h30 (7km &#8211; niveau facile) &#8211; 8 ans minimum, r\u00e9servation interdite aux mineurs &#8211; Voir le parcours Ce parcours qui est une boucle avec un d\u00e9part et une arriv\u00e9e au club vous fera pagayer dans une nature calme et verdoyante o\u00f9 vous croiserez ragondins, martins p\u00e9cheurs, h\u00e9rons,&hellip; <br \/> <a class=\"button small blue\" href=\"https:\/\/www.strasbourgeauxvives.org\/site\/index.php\/strasbourg-tour-de-laar\/\">Lire la suite<\/a><\/p>\n","protected":false},"author":2,"featured_media":0,"parent":0,"menu_order":0,"comment_status":"closed","ping_status":"closed","template":"","meta":{"footnotes":""},"class_list":["post-257","page","type-page","status-publish","hentry"],"jetpack_sharing_enabled":true,"_links":{"self":[{"href":"https:\/\/www.strasbourgeauxvives.org\/site\/index.php\/wp-json\/wp\/v2\/pages\/257","targetHints":{"allow":["GET"]}}],"collection":[{"href":"https:\/\/www.strasbourgeauxvives.org\/site\/index.php\/wp-json\/wp\/v2\/pages"}],"about":[{"href":"https:\/\/www.strasbourgeauxvives.org\/site\/index.php\/wp-json\/wp\/v2\/types\/page"}],"author":[{"embeddable":true,"href":"https:\/\/www.strasbourgeauxvives.org\/site\/index.php\/wp-json\/wp\/v2\/users\/2"}],"replies":[{"embeddable":true,"href":"https:\/\/www.strasbourgeauxvives.org\/site\/index.php\/wp-json\/wp\/v2\/comments?post=257"}],"version-history":[{"count":54,"href":"https:\/\/www.strasbourgeauxvives.org\/site\/index.php\/wp-json\/wp\/v2\/pages\/257\/revisions"}],"predecessor-version":[{"id":5089,"href":"https:\/\/www.strasbourgeauxvives.org\/site\/index.php\/wp-json\/wp\/v2\/pages\/257\/revisions\/5089"}],"wp:attachment":[{"href":"https:\/\/www.strasbourgeauxvives.org\/site\/index.php\/wp-json\/wp\/v2\/media?parent=257"}],"curies":[{"name":"wp","href":"https:\/\/api.w.org\/{rel}","templated":true}]}}

<p><a href="http://strasbourgeauxvives.org/site/index.php/strasbourg-tour-de-laar/"><img loading="lazy" decoding="async" class="alignnone wp-image-1886" src="http://strasbourgeauxvives.org/site/wp-content/uploads/2019/04/fr.png" alt="" width="44" height="29" srcset="https://www.strasbourgeauxvives.org/site/wp-content/uploads/2019/04/fr.png 1160w, https://www.strasbourgeauxvives.org/site/wp-content/uploads/2019/04/fr-300x200.png 300w, https://www.strasbourgeauxvives.org/site/wp-content/uploads/2019/04/fr-768x512.png 768w, https://www.strasbourgeauxvives.org/site/wp-content/uploads/2019/04/fr-1024x682.png 1024w" sizes="auto, (max-width: 44px) 100vw, 44px" /></a> <a href="http://strasbourgeauxvives.org/site/index.php/strasbourg-circular-tour-of-the-river-aar/"><img loading="lazy" decoding="async" class="alignnone wp-image-1887" src="http://strasbourgeauxvives.org/site/wp-content/uploads/2019/04/gb.png" alt="" width="54" height="27" srcset="https://www.strasbourgeauxvives.org/site/wp-content/uploads/2019/04/gb.png 1160w, https://www.strasbourgeauxvives.org/site/wp-content/uploads/2019/04/gb-300x150.png 300w, https://www.strasbourgeauxvives.org/site/wp-content/uploads/2019/04/gb-768x384.png 768w, https://www.strasbourgeauxvives.org/site/wp-content/uploads/2019/04/gb-1024x512.png 1024w" sizes="auto, (max-width: 54px) 100vw, 54px" /></a> <a href="http://strasbourgeauxvives.org/site/index.php/de-strassburg-aar-tour/"><img loading="lazy" decoding="async" class="alignnone wp-image-1885" src="http://strasbourgeauxvives.org/site/wp-content/uploads/2019/04/de.png" alt="" width="49" height="29" srcset="https://www.strasbourgeauxvives.org/site/wp-content/uploads/2019/04/de.png 1160w, https://www.strasbourgeauxvives.org/site/wp-content/uploads/2019/04/de-300x180.png 300w, https://www.strasbourgeauxvives.org/site/wp-content/uploads/2019/04/de-768x461.png 768w, https://www.strasbourgeauxvives.org/site/wp-content/uploads/2019/04/de-1024x614.png 1024w" sizes="auto, (max-width: 49px) 100vw, 49px" /></a></p>
<p style="text-align: left;"><strong>A partir de 1 personne &#8211; durée 2h30 (7km &#8211; niveau facile) &#8211; 8 ans minimum, réservation interdite aux mineurs &#8211;</strong> <a href="http://strasbourgeauxvives.org/site/wp-content/uploads/2019/04/Strasbourg-Aar-compressé.pdf" target="_blank" rel="noopener">Voir le parcours</a></p>
<p>Ce parcours qui est une boucle avec un départ et une arrivée au club vous fera pagayer dans une nature calme et verdoyante où vous croiserez ragondins, martins pécheurs, hérons, cormorans, cygnes, foulques, poules d&rsquo;eau et bien d&rsquo;autres&#8230; Vous longerez le lavoir des rives de l&rsquo;Aar, la cité Ungemach (1920), le parc du Contades puis redescendrez l&rsquo;Ill au niveau de l&rsquo;église Saint-Paul jusqu&rsquo;aux institutions européennes.</p>
<p><strong> Les embarcations : </strong></p>
<p><img loading="lazy" decoding="async" class="size-large wp-image-4779 aligncenter" src="https://www.strasbourgeauxvives.org/site/wp-content/uploads/2024/07/Les-embarcations-1-1024x184.png" alt="" width="1024" height="184" srcset="https://www.strasbourgeauxvives.org/site/wp-content/uploads/2024/07/Les-embarcations-1-1024x184.png 1024w, https://www.strasbourgeauxvives.org/site/wp-content/uploads/2024/07/Les-embarcations-1-300x54.png 300w, https://www.strasbourgeauxvives.org/site/wp-content/uploads/2024/07/Les-embarcations-1-768x138.png 768w, https://www.strasbourgeauxvives.org/site/wp-content/uploads/2024/07/Les-embarcations-1-1536x275.png 1536w, https://www.strasbourgeauxvives.org/site/wp-content/uploads/2024/07/Les-embarcations-1.png 1840w" sizes="auto, (max-width: 1024px) 100vw, 1024px" /></p>
<p><strong>Tarif et paiement :</strong></p>
<ul>
<li style="text-align: left;">25€/personne.</li>
<li style="text-align: left;">Possibilités de paiement au club : CB via Weezevent, ANCV, Coupons sport. Un acompte de 30% sera demandé pour valider la réservation si celle-ci n&rsquo;est pas faite en ligne ci-dessous.</li>
<li style="text-align: left;"><a href="http://strasbourgeauxvives.org/site/wp-content/uploads/2020/07/conditions-générales-compressé.pdf" target="_blank" rel="noopener">Conditions générales</a></li>
</ul>
<p><strong>Rendez-vous et accueil :</strong></p>
<ul>
<li><strong>du lundi au vendredi (en juillet et août):</strong>
<ul>
<li>Après-midi : accueil entre 13h00 et 13h15</li>
</ul>
</li>
<li><strong>les samedis : </strong>
<ul>
<li>Après-midi : accueil de 13h30 à 14h00</li>
</ul>
</li>
<li><strong>les dimanches :<br /></strong>
<ul>
<li>Matin : accueil de 9h15 à 10h00</li>
<li>Après-midi : accueil de 13h30 à 14h00</li>
</ul>
</li>
</ul>
<p><a class="weezevent-widget-integration" title="Logiciel billetterie en ligne" href="https://weezevent.com/?c=sys_widget" target="_blank" rel="noopener" data-src="https://widget.weezevent.com/ticket/E1743501/?code=69622&amp;locale=fr-FR&amp;width_auto=1&amp;color_primary=649e47" data-width="650" data-height="600" data-id="1743501" data-resize="1" data-width_auto="1" data-noscroll="0" data-use-container="yes" data-type="neo">Billetterie Weezevent</a> <script type="text/javascript" src="https://widget.weezevent.com/weez.js"></script></p>


<p></p>

<p>   A partir de 1 personne &#8211; durée 2h30 (7km &#8211; niveau facile) &#8211; 8 ans minimum, réservation interdite aux mineurs &#8211; Voir le parcours Ce parcours qui est une boucle avec un départ et une arrivée au club vous fera pagayer dans une nature calme et verdoyante où vous croiserez ragondins, martins pécheurs, hérons,&hellip; <br /> <a class="button small blue" href="https://www.strasbourgeauxvives.org/site/index.php/strasbourg-tour-de-laar/">Lire la suite</a></p>
