{"id":3563,"date":"2020-07-31T17:15:35","date_gmt":"2020-07-31T15:15:35","guid":{"rendered":"http:\/\/strasbourgeauxvives.org\/site\/?page_id=3563"},"modified":"2022-07-11T23:07:54","modified_gmt":"2022-07-11T21:07:54","slug":"steingiessen","status":"publish","type":"page","link":"https:\/\/www.strasbourgeauxvives.org\/site\/index.php\/steingiessen\/","title":{"rendered":"Steingiessen"},"content":{"rendered":"<p><strong>Dur\u00e9e 4h00 (effort facile) &#8211;\u00a08 ans minimum,\u00a0Le steingiessen est un parcours \u00e9co-citoyen<\/strong><\/p>\n<p style=\"text-align: left;\">Le Steingiessen est un parcours qui comporte une biodiversit\u00e9 unique. Entre l\u2019eau translucide et les arbres centenaires qui y plongent, les libellules bleues, diff\u00e9rentes vari\u00e9t\u00e9s d\u2019oiseaux et les n\u00e9nuphars, les participants seront d\u00e9pays\u00e9s d\u00e8s les premiers coups de pagaie. Mais cette biodiversit\u00e9 unique contraste avec les d\u00e9tritus qui se bloquent dans les branches des saules pleureurs.<\/p>\n<p style=\"text-align: left;\">Si vous vous sentez concern\u00e9s par cette situation, Strasbourg Eaux-Vives vous propose un parcours qui vous permettra de soutenir notre d\u00e9marche, afin de conserver le plus propre possible ce milieu privil\u00e9gi\u00e9 aux abords de notre agglom\u00e9ration.<\/p>\n<p style=\"text-align: left;\">Au d\u00e9part du club, vous descendrez l&rsquo;Ill jusqu&rsquo;au lieu dit \u00ab\u00a0Fuchs am Buckel\u00a0\u00bb. A partir de l\u00e0, vous vous engagez sur un petit bras appel\u00e9 \u00ab\u00a0Steingiessen\u00a0\u00bb, qui serpente dans la r\u00e9serve nationale naturelle de la Robertsau. C&rsquo;est aussi \u00e0 cet endroit que commencera votre action citoyenne en ramassant les bouteilles et autres plastiques qui se prennent dans les branches et souillent ce coin de nature aux portes de Strasbourg. Le club Strasbourgeois compte donc sur l\u2019engagement des citoyens pour le pr\u00e9server.<\/p>\n<p style=\"text-align: left;\">Bien entendu, nous mettrons \u00e0 votre disposition des poubelles. Pensez \u00e0 apporter des gants.<\/p>\n<p><em>La presse en parle :\u00a0<a href=\"https:\/\/www.francebleu.fr\/infos\/environnement\/photos-a-strasbourg-une-balade-en-canoe-pour-ramasser-des-dechets-1597334756?fbclid=IwAR1SMnAjSqmCLAzAPj8O6it-KMjoaNJJkJTglxYTz38oSi-QP_Ob9Xjp8RE\" target=\"_blank\" rel=\"noopener\">France Bleu<\/a>\u00a0&#8211;\u00a0<a href=\"https:\/\/www.robertsau.eu\/strasbourg-eaux-vives-nettoie-le-steingiessen\/?fbclid=IwAR2h2VEjFgi1VT66y0g7QhbcE9eeDoeEwoDLhNh10MoKlkiSxjImodiODH8\" target=\"_blank\" rel=\"noopener\">Le blog de la Robertsau<\/a><\/em><\/p>\n<p><strong>Tarif et paiement :\u00a0<\/strong><\/p>\n<ul>\n<li style=\"text-align: left;\">25\u20ac\/personne.<\/li>\n<li>8 personnes minimum.<\/li>\n<li style=\"text-align: left;\">25% d\u2019arrhes sont demand\u00e9s \u00e0 la r\u00e9servation.<\/li>\n<li style=\"text-align: left;\">Possibilit\u00e9s de\u00a0 paiement : CB, Esp\u00e8ces, Ch\u00e8que, ANCV, Coupons sport.<\/li>\n<li style=\"text-align: left;\">Profitez de 10% de r\u00e9duction avec la carte CEZAM, ou \u00e0 partir de 20 personnes.<\/li>\n<li style=\"text-align: left;\"><a href=\"http:\/\/strasbourgeauxvives.org\/site\/wp-content\/uploads\/2020\/07\/conditions-g\u00e9n\u00e9rales-compress\u00e9.pdf\" target=\"_blank\" rel=\"noopener\">Conditions g\u00e9n\u00e9rales<\/a><\/li>\n<\/ul>\n<p><img loading=\"lazy\" decoding=\"async\" class=\"aligncenter wp-image-3638 size-full\" src=\"http:\/\/strasbourgeauxvives.org\/site\/wp-content\/uploads\/2020\/08\/photos-steingiessen.jpg\" alt=\"\" width=\"1154\" height=\"1266\" srcset=\"https:\/\/www.strasbourgeauxvives.org\/site\/wp-content\/uploads\/2020\/08\/photos-steingiessen.jpg 1154w, https:\/\/www.strasbourgeauxvives.org\/site\/wp-content\/uploads\/2020\/08\/photos-steingiessen-273x300.jpg 273w, https:\/\/www.strasbourgeauxvives.org\/site\/wp-content\/uploads\/2020\/08\/photos-steingiessen-768x843.jpg 768w, https:\/\/www.strasbourgeauxvives.org\/site\/wp-content\/uploads\/2020\/08\/photos-steingiessen-933x1024.jpg 933w, https:\/\/www.strasbourgeauxvives.org\/site\/wp-content\/uploads\/2020\/08\/photos-steingiessen-1024x1123.jpg 1024w, https:\/\/www.strasbourgeauxvives.org\/site\/wp-content\/uploads\/2020\/08\/photos-steingiessen-984x1080.jpg 984w\" sizes=\"auto, (max-width: 1154px) 100vw, 1154px\" \/><\/p>\n<p>Photo\u00a0\u00a9 Radio France &#8211; Marie Martirossian &#8211;\u00a0<a href=\"https:\/\/www.francebleu.fr\/infos\/environnement\/photos-a-strasbourg-une-balade-en-canoe-pour-ramasser-des-dechets-1597334756\" target=\"_blank\" rel=\"noopener\">France Bleu<\/a><\/p>\n<div id=\"sconnect-is-installed\" style=\"display: none;\"><\/div>\n<div id=\"sconnect-is-installed\" style=\"display: none;\"><\/div>\n<div id=\"sconnect-is-installed\" style=\"display: none;\"><\/div>\n<div id=\"sconnect-is-installed\" style=\"display: none;\"><\/div>\n<div id=\"sconnect-is-installed\" style=\"display: none;\"><\/div>\n","protected":false},"excerpt":{"rendered":"<p>Dur\u00e9e 4h00 (effort facile) &#8211;\u00a08 ans minimum,\u00a0Le steingiessen est un parcours \u00e9co-citoyen Le Steingiessen est un parcours qui comporte une biodiversit\u00e9 unique. Entre l\u2019eau translucide et les arbres centenaires qui y plongent, les libellules bleues, diff\u00e9rentes vari\u00e9t\u00e9s d\u2019oiseaux et les n\u00e9nuphars, les participants seront d\u00e9pays\u00e9s d\u00e8s les premiers coups de pagaie. Mais cette biodiversit\u00e9 unique&hellip; <br \/> <a class=\"button small blue\" href=\"https:\/\/www.strasbourgeauxvives.org\/site\/index.php\/steingiessen\/\">Lire la suite<\/a><\/p>\n","protected":false},"author":2,"featured_media":0,"parent":0,"menu_order":0,"comment_status":"closed","ping_status":"closed","template":"","meta":{"footnotes":""},"class_list":["post-3563","page","type-page","status-publish","hentry"],"jetpack_sharing_enabled":true,"_links":{"self":[{"href":"https:\/\/www.strasbourgeauxvives.org\/site\/index.php\/wp-json\/wp\/v2\/pages\/3563","targetHints":{"allow":["GET"]}}],"collection":[{"href":"https:\/\/www.strasbourgeauxvives.org\/site\/index.php\/wp-json\/wp\/v2\/pages"}],"about":[{"href":"https:\/\/www.strasbourgeauxvives.org\/site\/index.php\/wp-json\/wp\/v2\/types\/page"}],"author":[{"embeddable":true,"href":"https:\/\/www.strasbourgeauxvives.org\/site\/index.php\/wp-json\/wp\/v2\/users\/2"}],"replies":[{"embeddable":true,"href":"https:\/\/www.strasbourgeauxvives.org\/site\/index.php\/wp-json\/wp\/v2\/comments?post=3563"}],"version-history":[{"count":40,"href":"https:\/\/www.strasbourgeauxvives.org\/site\/index.php\/wp-json\/wp\/v2\/pages\/3563\/revisions"}],"predecessor-version":[{"id":4450,"href":"https:\/\/www.strasbourgeauxvives.org\/site\/index.php\/wp-json\/wp\/v2\/pages\/3563\/revisions\/4450"}],"wp:attachment":[{"href":"https:\/\/www.strasbourgeauxvives.org\/site\/index.php\/wp-json\/wp\/v2\/media?parent=3563"}],"curies":[{"name":"wp","href":"https:\/\/api.w.org\/{rel}","templated":true}]}}

<p><strong>Durée 4h00 (effort facile) &#8211; 8 ans minimum, Le steingiessen est un parcours éco-citoyen</strong></p>
<p style="text-align: left;">Le Steingiessen est un parcours qui comporte une biodiversité unique. Entre l’eau translucide et les arbres centenaires qui y plongent, les libellules bleues, différentes variétés d’oiseaux et les nénuphars, les participants seront dépaysés dès les premiers coups de pagaie. Mais cette biodiversité unique contraste avec les détritus qui se bloquent dans les branches des saules pleureurs.</p>
<p style="text-align: left;">Si vous vous sentez concernés par cette situation, Strasbourg Eaux-Vives vous propose un parcours qui vous permettra de soutenir notre démarche, afin de conserver le plus propre possible ce milieu privilégié aux abords de notre agglomération.</p>
<p style="text-align: left;">Au départ du club, vous descendrez l&rsquo;Ill jusqu&rsquo;au lieu dit « Fuchs am Buckel ». A partir de là, vous vous engagez sur un petit bras appelé « Steingiessen », qui serpente dans la réserve nationale naturelle de la Robertsau. C&rsquo;est aussi à cet endroit que commencera votre action citoyenne en ramassant les bouteilles et autres plastiques qui se prennent dans les branches et souillent ce coin de nature aux portes de Strasbourg. Le club Strasbourgeois compte donc sur l’engagement des citoyens pour le préserver.</p>
<p style="text-align: left;">Bien entendu, nous mettrons à votre disposition des poubelles. Pensez à apporter des gants.</p>
<p><em>La presse en parle : <a href="https://www.francebleu.fr/infos/environnement/photos-a-strasbourg-une-balade-en-canoe-pour-ramasser-des-dechets-1597334756?fbclid=IwAR1SMnAjSqmCLAzAPj8O6it-KMjoaNJJkJTglxYTz38oSi-QP_Ob9Xjp8RE" target="_blank" rel="noopener">France Bleu</a> &#8211; <a href="https://www.robertsau.eu/strasbourg-eaux-vives-nettoie-le-steingiessen/?fbclid=IwAR2h2VEjFgi1VT66y0g7QhbcE9eeDoeEwoDLhNh10MoKlkiSxjImodiODH8" target="_blank" rel="noopener">Le blog de la Robertsau</a></em></p>
<p><strong>Tarif et paiement : </strong></p>
<ul>
<li style="text-align: left;">25€/personne.</li>
<li>8 personnes minimum.</li>
<li style="text-align: left;">25% d’arrhes sont demandés à la réservation.</li>
<li style="text-align: left;">Possibilités de  paiement : CB, Espèces, Chèque, ANCV, Coupons sport.</li>
<li style="text-align: left;">Profitez de 10% de réduction avec la carte CEZAM, ou à partir de 20 personnes.</li>
<li style="text-align: left;"><a href="http://strasbourgeauxvives.org/site/wp-content/uploads/2020/07/conditions-générales-compressé.pdf" target="_blank" rel="noopener">Conditions générales</a></li>
</ul>
<p><img loading="lazy" decoding="async" class="aligncenter wp-image-3638 size-full" src="http://strasbourgeauxvives.org/site/wp-content/uploads/2020/08/photos-steingiessen.jpg" alt="" width="1154" height="1266" srcset="https://www.strasbourgeauxvives.org/site/wp-content/uploads/2020/08/photos-steingiessen.jpg 1154w, https://www.strasbourgeauxvives.org/site/wp-content/uploads/2020/08/photos-steingiessen-273x300.jpg 273w, https://www.strasbourgeauxvives.org/site/wp-content/uploads/2020/08/photos-steingiessen-768x843.jpg 768w, https://www.strasbourgeauxvives.org/site/wp-content/uploads/2020/08/photos-steingiessen-933x1024.jpg 933w, https://www.strasbourgeauxvives.org/site/wp-content/uploads/2020/08/photos-steingiessen-1024x1123.jpg 1024w, https://www.strasbourgeauxvives.org/site/wp-content/uploads/2020/08/photos-steingiessen-984x1080.jpg 984w" sizes="auto, (max-width: 1154px) 100vw, 1154px" /></p>
<p>Photo © Radio France &#8211; Marie Martirossian &#8211; <a href="https://www.francebleu.fr/infos/environnement/photos-a-strasbourg-une-balade-en-canoe-pour-ramasser-des-dechets-1597334756" target="_blank" rel="noopener">France Bleu</a></p>
<div id="sconnect-is-installed" style="display: none;"></div>
<div id="sconnect-is-installed" style="display: none;"></div>
<div id="sconnect-is-installed" style="display: none;"></div>
<div id="sconnect-is-installed" style="display: none;"></div>
<div id="sconnect-is-installed" style="display: none;"></div>

<p>Durée 4h00 (effort facile) &#8211; 8 ans minimum, Le steingiessen est un parcours éco-citoyen Le Steingiessen est un parcours qui comporte une biodiversité unique. Entre l’eau translucide et les arbres centenaires qui y plongent, les libellules bleues, différentes variétés d’oiseaux et les nénuphars, les participants seront dépaysés dès les premiers coups de pagaie. Mais cette biodiversité unique&hellip; <br /> <a class="button small blue" href="https://www.strasbourgeauxvives.org/site/index.php/steingiessen/">Lire la suite</a></p>
